 -3?
-101231
In base 2, what is 1110010001 - -1011?
1110011100
In base 9, what is 4 - 15?
-11
In base 16, what is c + 13?
1f
In base 3, what is 201 + 2?
210
In base 10, what is 11318 + -4?
11314
In base 9, what is 1737 + 3?
1741
In base 7, what is -45 + 1122?
1044
In base 16, what is 8 + 1b3?
1bb
In base 6, what is -134 - 124?
-302
In base 14, what is 986 + -13?
973
In base 3, what is 1000000 + -1001?
221222
In base 8, what is -3 + 1321?
1316
In base 12, what is -39 - 1b?
-58
In base 10, what is -269 + 18?
-251
In base 9, what is -1 + 152?
151
In base 4, what is 130 - -3?
133
In base 5, what is -111 - -2?
-104
In base 8, what is 11 + -7?
2
In base 8, what is 55 - -151?
226
In base 11, what is -2 - -173?
171
In base 3, what is 2 - 1021?
-1012
In base 13, what is -3 - 27?
-2a
In base 11, what is 96 + -5?
91
In base 10, what is 538 - -1?
539
In base 8, what is 0 + 66?
66
In base 7, what is -4 - 234?
-241
In base 7, what is -13 + -145?
-161
In base 2, what is 1000000011 - -110?
1000001001
In base 2, what is -100 + -110011?
-110111
In base 3, what is 1001212 - 0?
1001212
In base 13, what is 4 - 987?
-983
In base 16, what is 841 - 5?
83c
In base 9, what is 4 + -815?
-811
In base 6, what is 30 + -5?
21
In base 5, what is 3 - -30?
33
In base 6, what is 2040 + -3?
2033
In base 5, what is -21432 - 4?
-21441
In base 7, what is -31 - 123?
-154
In base 15, what is 1521 + -4?
151c
In base 16, what is -6 - -3a?
34
In base 7, what is -2 + -54?
-56
In base 10, what is 305 - -5?
310
In base 13, what is -29 - -365?
339
In base 10, what is 513 + 0?
513
In base 6, what is 21 - -200?
221
In base 4, what is -131 - 2000?
-2131
In base 12, what is 14a - 17?
133
In base 3, what is -2 + -120?
-122
In base 5, what is -2130 - 3?
-2133
In base 8, what is 2360 + -3?
2355
In base 10, what is -36 - -7?
-29
In base 3, what is 101 - -1?
102
In base 9, what is 6 - -1204?
1211
In base 2, what is -101 + 1000000?
111011
In base 2, what is 0 - -11111011?
11111011
In base 4, what is -112220 - 10?
-112230
In base 5, what is 1402 + -124?
1223
In base 8, what is 4 + -204?
-200
In base 8, what is 16 - -5?
23
In base 15, what is -96 - -5?
-91
In base 16, what is d + -8?
5
In base 5, what is -20 - -120?
100
In base 13, what is 2c + -3?
29
In base 12, what is 2 - 5ab?
-5a9
In base 10, what is 4718 + 4?
4722
In base 10, what is -1 + -60?
-61
In base 14, what is 6 - -4d?
55
In base 11, what is 2 - -2523?
2525
In base 4, what is -1 + 100?
33
In base 7, what is 62 - 436?
-344
In base 12, what is 5 + 62?
67
In base 10, what is 8814 + 1?
8815
In base 15, what is -4 - -2cc?
2c8
In base 6, what is 15 - 12?
3
In base 11, what is -1157 - -5?
-1152
In base 14, what is 73 + 2?
75
In base 4, what is -311 + 11?
-300
In base 6, what is -134040 + 1?
-134035
In base 10, what is 54 + -4?
50
In base 3, what is 0 + 222?
222
In base 6, what is 105 - 13?
52
In base 7, what is -1 - -16543?
16542
In base 5, what is 43140 - 2?
43133
In base 6, what is -3 + -1412?
-1415
In base 9, what is -2 - 20?
-22
In base 7, what is 30 - 23?
4
In base 7, what is 13 + 1242?
1255
In base 15, what is 0 + 186e?
186e
In base 15, what is -2 - -39?
37
In base 3, what is 10 - -10002?
10012
In base 16, what is -1 - -34?
33
In base 5, what is -12 + 100?
33
In base 7, what is -141 - -2?
-136
In base 6, what is 150 + -224?
-34
In base 15, what is 1da + -3?
1d7
In base 8, what is 52 - -5?
57
In base 3, what is -111012 + -10?
-111022
In base 11, what is -19 - 12?
-30
In base 15, what is -4b3 - -3?
-4b0
In base 5, what is 0 - 12?
-12
In base 8, what is 405 - 17?
366
In base 9, what is -20 - -1182?
1162
In base 15, what is 1 + -3129?
-3128
In base 14, what is 1 - 0?
1
In base 9, what is -117 - 2?
-120
In base 16, what is -3 + -31?
-34
In base 9, what is -10 - 6?
-16
In base 7, what is -120 - -24?
-63
In base 9, what is 12 - -60?
72
In base 11, what is -69 - 2?
-70
In base 9, what is 31 + 477?
518
In base 8, what is 3 - -157?
162
In base 15, what is -3 + -451?
-454
In base 12, what is -25 + 3?
-22
In base 16, what is f2 + -3?
ef
In base 3, what is -12 + 1211211?
1211122
In base 13, what is c - -5?
14
In base 4, what is 1000123 - 3?
1000120
In base 15, what is 26 - -2?
28
In base 9, what is -2125 + 17?
-2107
In base 6, what is -21 - -14?
-3
In base 16, what is 43 - -6a?
ad
In base 14, what is 244 - 7?
23b
In base 4, what is -2 - -300?
232
In base 16, what is -25 + -3f?
-64
In base 13, what is 37 + -a?
2a
In base 14, what is 4 + 6d?
73
In base 2, what is 1101101100 + 1100?
1101111000
In base 8, what is -3 - -66?
63
In base 2, what is 1101 - -111011?
1001000
In base 12, what is 8 - -79?
85
In base 10, what is -37 - 70?
-107
In base 15, what is -c - 0?
-c
In base 16, what is -59 - -9?
-50
In base 3, what is 1 + -220121?
-220120
In base 15, what is 6 - -189?
190
In base 2, what is 101 + -1011100?
-1010111
In base 14, what is 1c + -5?
17
In base 12, what is 6 - -424?
42a
In base 2, what is 11100001 + -10100?
11001101
In base 11, what is 29 + 4?
32
In base 16, what is -13e2 + -4?
-13e6
In base 7, what is -15166 + -2?
-15201
In base 8, what is -57 + -6?
-65
In base 8, what is 26 + -2?
24
In base 6, what is -11 - 11153?
-11204
In base 8, what is -3 + -7556?
-7561
In base 12, what is 0 - 36b7?
-36b7
In base 6, what is 2 - 22?
-20
In base 5, what is -14300 - -2?
-14243
In base 2, what is 100010001 - -10000?
100100001
In base 7, what is 0 - 110?
-110
In base 11, what is 62 + 104?
166
In base 9, what is 2 - -132?
134
In base 4, what is -11 + -1331110?
-1331121
In base 3, what is -11 + 20021?
20010
In base 13, what is 1 - -40?
41
In base 7, what is 5 - 43?
-35
In base 14, what is -5 + -26?
-2b
In base 14, what is -18 + -9a?
-b4
In base 3, what is 20 - 0?
20
In base 16, what is -71 - -5?
-6c
In base 2, what is 11011000110 - 11?
11011000011
In base 4, what is 323 + -10103?
-3120
In base 14, what is -12 - 14?
-26
In base 16, what is c6 + -2?
c4
In base 10, what is -2 + 17?
15
In base 15, what is -8 - b82?
-b8a
In base 7, what is 3 + -1456?
-1453
In base 16, what is c + f4?
100
In base 16, what is -d - -5c?
4f
In base 13, what is -9c - 0?
-9c
In base 6, what is 34 + 55?
133
In base 7, what is 5 + 56?
64
In base 4, what is -12 + 10?
-2
In base 14, what is -5 - -59c?
597
In base 13, what is 6 + 965?
96b
In base 5, what is 114 + 44?
213
In base 13, what is 3 - -58?
5b
In base 12, what is 1a3 + -4?
19b
In base 2, what is 100001001111011 + -100?
100001001110111
In base 8, what is -11 - -2?
-7
In base 14, what is -17 + 5?
-12
In base 14, what is 7b + -b8?
-3b
In base 10, what is -118 - -7?
-111
In base 3, what is 21010 + 21?
21101
In base 3, what is -112221 + -20?
-120011
In base 12, what is 794 - -2?
796
In base 12, what is -2a3 + -2?
-2a5
In base 6, what is 5 + -2052?
-2043
In base 13, what is -21 + 10?
-11
In base 2, what is -100 - 1001101110?
-1001110010
In base 2, what is -10111 + -10011?
-101010
In base 10, what is -3248 + 3?
-3245
In base 13, what is -7 - 2488?
-2492
In base 7, what is 15123 + 2?
15125
In base 7, what is 5 + -22414?
-22406
In base 9, what is 24256 + 5?
24262
In base 13, what is -2 + -93?
-95
In base 12, what is 2a - 14?
16
In base 2, what is -1111110011 + -1110?
-10000000001
In base 8, what is -2 + -77?
-101
In base 13, what is -4 - 22?
-26
In base 12, what is -7 - 2b?
-36
In base 3, what is 121010 + -20?
120220
In base 11, what is 95 + -37?
59
In base 2, what is 10111101010 - -11?
10111101101
In base 8, what is 1753 + -4?
1747
In base 12, what is 25 + 457?
480
In base 8, what is 6 - -20?
26
In base 3, what is 20120 - 0?
20120
In base 10, what is 20 + -11?
9
In base 13, what is -1 - -10?
c
In base 3, what is 12220121 + 0?
12220121
In base 12, what is 4245 + 1?
4246
In base 6, what is -24420 - -3?
-24413
In base 6, what is 1 - 132?
-131
In base 14, what is 3 - 8c0?
-8bb
In base 5, what is -3244 - 4?
-3303
In base 3, what is 1 + 212212?
212220
In base 2, what is 11101 - 10010100?
-1110111
In base 7, what is 13224 - 2?
13222
In base 4, what is 0 + -13302?
-13302
In base 4, what is -310 - 11?
-321
In base 6, what is 11 + 400?
411
In base 13, what is 99 + -17?
82
In base 3, what is 22 + -2000?
-1201
In base 9, what is 281 + -5?
275
In base 12, what is 0 - 5a?
-5a
In base 5, what is 2 - 240430?
-240423
In base 15, what is -236 + 10?
-226
In base 